 12*l**2 - 17*l - 9. Let w(q) = 4*j(q) + 11*p(q). What is the tens digit of w(5)?
1
Suppose 3*v = f + 5617, 435*f - 436*f + 2 = 0. What is the thousands digit of v?
1
Let b(v) = 7*v + 1. Let m(p) = -8*p - 1. Let t(f) = 7*b(f) + 6*m(f). Let l be t(4). Suppose g - l = h, 4*g - 3*h = 6 + 12. What is the units digit of g?
3
Let i(k) = 6*k**3 + k**2. Let n be i(-1). Let y(v) = -v**3 + 2*v**2 + 2*v + 4. What is the tens digit of y(n)?
6
Let q be 2/(-11) - 460/11. Let s = 15 + 90. Let d = q + s. What is the units digit of d?
3
Suppose -399 = -4*j + j. Suppose 3*n - 2*n = -3*h + 391, h = n + j. Let k = -77 + h. What is the tens digit of k?
5
Let m be 6/(-12) + 5/(-2). Let w be -26*1/(1 + m). Suppose 0 = x - 32 + w. What is the units digit of x?
9
Suppose 0 = 5*f - f - 112. Suppose -3*k + 84 = 3*a, -2*a + 3*a - 5 = 0. Suppose 0 = -3*v + f + k. What is the units digit of v?
7
Let i(n) = 62*n**2 + n + 1. Let c be i(-1). Let l be (-99)/(-132)*8/3. Suppose -b + c = 5*y, -2*b - 8 = l*y - 3*y. What is the units digit of y?
2
Let s(o) = -6*o**3 + 6*o**2 - 8*o - 12. Let z(t) = -2*t**3 + 2*t**2 - 3*t - 4. Let v(k) = 3*s(k) - 8*z(k). What is the units digit of v(-2)?
0
Let f(m) = -m**2 + 23*m + 13. Suppose -39 = -2*r - w, r = 3*r + 2*w - 34. What is the units digit of f(r)?
5
Let d be (-96)/(-40) + (-2)/5. Suppose 7*s - d*s = -y + 285, 3*s - 143 = 5*y. What is the units digit of s?
6
Suppose -3*i - 4*m = -25, 0 = -9*i + 4*i + 4*m + 31. Suppose -i*h + 775 = 12. Let b = -73 + h. What is the units digit of b?
6
Suppose 0 = -3*h, -5*h = -4*i - 8*h + 6180. What is the units digit of i?
5
Let l = 5394 - 1112. What is the hundreds digit of l?
2
Suppose 0 = 2*a - 10, -2*a - 2 = -2*c - c. Suppose 18 = -c*b + 102. What is the units digit of b?
1
Suppose 18*s - 13*s = -45. Let b(n) = 3*n**2 + 8*n - 10. What is the hundreds digit of b(s)?
1
Suppose -7*a + 8964 = 11*a. What is the tens digit of a?
9
What is the tens digit of (24/(-16)*2578)/(-1)?
6
Let w(l) = 45*l**3 + l**2 - 5*l + 5. What is the tens digit of w(2)?
5
Let d be (228/(-10))/(18/(-45)). Let l(n) = d*n + 1 - 63*n - 2. What is the tens digit of l(-5)?
2
Let g be (-24 + 21)/((-3)/2). Suppose -282 = -g*d - 32. What is the hundreds digit of d?
1
Suppose 51*o - 39114 - 207 = 0. What is the hundreds digit of o?
7
Let p(z) = 4*z**3 - 7*z**2 + z + 120. What is the units digit of p(10)?
0
Let w(h) = 4*h**2 + h - 4*h**2 - h**2 + 0*h**2 + 30. What is the tens digit of w(5)?
1
Let a(z) = -101*z + 70. Let v be a(-6). Let w = v + -447. What is the hundreds digit of w?
2
Let g be ((-3)/8)/3 - 450/(-144). Let p(u) = 8*u**2 - 10*u - 1. What is the units digit of p(g)?
1
Suppose 3*s + 2*s - 5 = 0. Let i be (2 + -2)*(s + -2). Suppose -n + 31 = -i*n + 5*r, r = -3*n + 79. What is the tens digit of n?
2
Let r be ((-45)/(-6))/(3/(-44)). What is the units digit of (-1)/(((-6)/r)/(-3))?
5
Suppose -6*c + 7*c = 177. Suppose 3*k - c = -27. Suppose -15*d = -14*d - k. What is the units digit of d?
0
Let s = 4838 + -1454. What is the hundreds digit of s?
3
Suppose k + a - 5 = 0, 0 = -3*k - 5*a + 9 + 12. Suppose 4*q + 44 = 4*h, -h + k*q + 33 = 2*h. What is the tens digit of (-14)/(-77) + 735/h?
6
What is the units digit of (-896 - 7)/(45/(-12) - -3)?
4
Suppose -y - 583 = -l, -2*l + 595 = -l - 4*y. What is the tens digit of l?
7
Let f = 9 - 7. Let v be (10 - 12/3)/f. Suppose 66 - 6 = v*r. What is the units digit of r?
0
Let a(k) = 1. Let r = 1 - -5. Let c(d) = -9*d - 2. Let h(t) = r*a(t) + c(t). What is the tens digit of h(-3)?
3
Let l be (9/(-6))/((-12)/(-16)). What is the tens digit of (-4)/6 - (1010/15)/l?
3
What is the tens digit of 1980/4 + -4 + (5 - -4)?
0
Let w(t) = 3*t**2 - 1. Let y(z) = 2*z - 6. Let k = 9 + -5. Let c be y(k). What is the tens digit of w(c)?
1
Suppose -13*s = -17*s + 2272. Suppose s = 5*u + 123. What is the units digit of u?
9
Suppose -4*h - 3*q + 10 = -28, -3*h - 2*q + 29 = 0. Suppose 7*s - 24 = 3*s. Suppose -h*t + 210 = -s*t. What is the units digit of t?
2
Let z = 40 + -25. Let j(n) = -2*n**3 + 2*n**2 + n - 2. Let v be j(-2). What is the units digit of (-2)/(v/(-18))*z?
7
Let o(u) = -55*u - 56*u + 121*u - 23 + u**2. Let x be 82/(-6) - 4/(-6). What is the tens digit of o(x)?
1
Let i be -2 + (-3)/3 + (-8)/(-1). Suppose -i*w - 2*o + 219 = 0, -2*w + 96 = -0*w + 5*o. What is the units digit of w?
3
Suppose 0*t - t - 27 = 0. Let p = t - -55. What is the tens digit of p?
2
Let a be 15*2*(-2 + (-7)/(-3)). What is the hundreds digit of 1576/a - (-14)/35?
1
Let g(n) be the third derivative of 7*n**2 + 0 + 1/6*n**3 - 37/120*n**6 + 1/24*n**4 + 0*n + 0*n**5. What is the units digit of g(-1)?
7
Let n = 953 + -493. Suppose -4*l + n = l. What is the tens digit of l?
9
Let t(d) be the first derivative of 0*d**3 - 2*d + 1/2*d**4 + 4 - 1/2*d**2. What is the units digit of t(2)?
2
Suppose 1551*h = 1538*h + 2054. What is the tens digit of h?
5
Let f = 18 + -16. Suppose 2*h = -4*o - 0*h + 10, 5*h - 1 = f*o. Suppose 12 + 38 = o*k. What is the units digit of k?
5
Suppose 0 = -5*f + 18 - 78. What is the units digit of (-6)/f*8 + 58?
2
Let w = -43 - -45. Suppose 2*b - 306 = -2*c, 0 = 5*b - w*c - 0*c - 800. What is the tens digit of b?
5
Let i(w) be the third derivative of -w**4/12 - w**3/6 - 3*w**2. Let l be i(-1). Let u(t) = 3*t**3 - 2*t**2 + t. What is the units digit of u(l)?
2
Let t = -53 + 55. What is the units digit of (t/(-3))/((-2)/333)?
1
Let y = -117 - -120. What is the hundreds digit of (11 - 4)/(-4*y/(-276))?
1
Suppose -4*q - 2*o + 122 + 112 = 0, -6 = -2*o. Suppose 3*l = 13 - 118. Let i = q + l. What is the units digit of i?
2
Let s(h) = h - 5. Let r be s(3). Let m(l) = -9*l + 2. Let u be m(r). Suppose -a - 4 + u = 0. What is the units digit of a?
6
Let d be (-6)/15 + 23/(-5). Let j be ((-6)/5)/((-1)/d). What is the units digit of ((-150)/20)/(j/20)?
5
What is the units digit of (144 - (-5 + 8))/1?
1
Suppose 3*k + h + 100621 = 0, 4*h + h + 5 = 0. What is the hundreds digit of (-2)/9 + (k/(-54))/5?
1
Let a = -18 - -16. Let d be a/(-2)*(-12)/(-3). What is the units digit of 2 + 42 + -1 + d?
7
Suppose -36 = 9*x + 27. Let h(w) = 5*w - 9. Let r be h(6). Let g = r - x. What is the tens digit of g?
2
Suppose -4*g + 2*u - u = -21, 4*u = 5*g - 40. Suppose 92 - 4 = -g*y. What is the units digit of (8/2)/((-4)/y)?
2
Suppose 0 = n - 6 - 16. Suppose 0 = -b + 54 - n. What is the tens digit of b?
3
Let y = -5221 + 7327. What is the tens digit of y?
0
What is the tens digit of 2 + 44/(-24) + (-176115)/(-90)?
5
What is the hundreds digit of (-28)/(-126) - 2905/(-9)?
3
Let c(l) = -l**2 - 2*l + 13. Let a be c(3). Let t(s) = -65*s - 7. What is the hundreds digit of t(a)?
1
Let j = 436 + -260. Suppose -5*l + 264 = -j. What is the tens digit of l?
8
Let q be 19*(-6)/8 - 2/(-8). What is the tens digit of -2 + (q/2)/((-1)/4)?
2
What is the hundreds digit of (-62934)/(-78) - ((-12)/26)/3?
8
Let l = 76 - 22. What is the tens digit of l?
5
Suppose -11 = -y - 6. Suppose -t = -y*t + 788. What is the units digit of t?
7
Let w(t) = -3*t - 3*t**2 + 1 + 4*t**2 + 3 + 4*t. What is the units digit of w(6)?
6
Let b = -2036 - -3358. What is the thousands digit of b?
1
What is the tens digit of 1*(2 - 4/4) - -33?
3
Let r(i) = -i - 6. Let h be r(-8). Suppose 198 = 2*t + h. What is the tens digit of t?
9
Suppose 3*b + 2*d = -0*d + 216, -4*b + 5*d + 311 = 0. Suppose b = 3*h - 121. Let o = h + -34. What is the units digit of o?
1
Suppose -23*d = -v - 18*d + 1411, 3*v = -5*d + 4333. What is the units digit of v?
6
Let h(w) = w + 9. Let y be h(-4). Suppose -y*n + 16 = -4*v - 1, -2*v = -4. Suppose -3*u - 105 = -4*f, 5*f - f + n*u = 113. What is the units digit of f?
7
What is the tens digit of 82 + -15 + (-1)/1?
6
Suppose 3*g - 2*z - 3701 = 0, 4*z - 2471 = -5*g + 3734. What is the tens digit of g?
3
Let o be 2/21 + (-12)/126. Suppose 5*g + o*g - 975 = 0. What is the hundreds digit of g?
1
Suppose n - 4*p - 206 = 0, 18*n - 4*p = 16*n + 420. What is the hundreds digit of n?
2
Let i(o) = -1 - 17*o + 5*o + 2. Let n = 79 + -81. What is the units digit of i(n)?
5
Let a(p) = p**3 - p**2 - p. Let z be a(0). Suppose -2*b = -f - z - 2, -8 = -4*b. What is the units digit of f?
2
Let l(i) = i**3 + 9*i**2 - i - 7. Let f be l(-9). Suppose 0 = f*c + s - 107 - 181, 2*c - 308 = 4*s. What